{"id":3292,"date":"2025-12-10T15:13:34","date_gmt":"2025-12-10T15:13:34","guid":{"rendered":"https:\/\/www.vinterhistorie.dk\/?page_id=3292"},"modified":"2025-12-10T15:21:55","modified_gmt":"2025-12-10T15:21:55","slug":"lokalhistorisk-forening-vintersboelle-nyraad","status":"publish","type":"page","link":"https:\/\/www.vinterhistorie.dk\/","title":{"rendered":"Lokalhistorisk Forening Vintersb\u00f8lle\/Nyr\u00e5d"},"content":{"rendered":"\n<div class=\"wp-block-columns is-layout-flex wp-container-core-columns-is-layout-9d6595d7 wp-block-columns-is-layout-flex\">\n<div class=\"wp-block-column is-layout-flow wp-block-column-is-layout-flow\" style=\"flex-basis:60%\"><ul class=\"wp-block-latest-posts__list wp-block-latest-posts\"><li><div class=\"wp-block-latest-posts__featured-image alignleft\"><a href=\"https:\/\/www.vinterhistorie.dk\/?p=3330\" aria-label=\"Tur til Munks Banke l\u00f8rdag den 9. maj 2026 kl.13:00-15:30\"><img loading=\"lazy\" decoding=\"async\" width=\"220\" height=\"120\" src=\"https:\/\/www.vinterhistorie.dk\/wp-content\/uploads\/2026\/03\/Foraarsblomster-220x120.jpeg\" class=\"attachment-thumbnail size-thumbnail wp-post-image\" alt=\"\" style=\"\" \/><\/a><\/div><a class=\"wp-block-latest-posts__post-title\" href=\"https:\/\/www.vinterhistorie.dk\/?p=3330\">Tur til Munks Banke l\u00f8rdag den 9. maj 2026 kl.13:00-15:30<\/a><div class=\"wp-block-latest-posts__post-excerpt\">Flemming Kruse guider. Turen tager udgangspunkt i bogen Flere Fort\u00e6llinger fra Vintersb\u00f8lle og Nyr\u00e5d fra 2025, med kapitlet \u201d5 historier fra Kuls\u00f8en og Fladb\u00e6kken\u201d, med fokus p\u00e5 Holger Munk, Munks Banke og Kl\u00f8ften ved Munksgaard. [&hellip;]<\/div><\/li>\n<li><div class=\"wp-block-latest-posts__featured-image alignleft\"><a href=\"https:\/\/www.vinterhistorie.dk\/?p=3327\" aria-label=\"Kulturaften mandag 27. april 2026 kl. 19:00 \u2013 21:00\"><img loading=\"lazy\" decoding=\"async\" width=\"220\" height=\"120\" src=\"https:\/\/www.vinterhistorie.dk\/wp-content\/uploads\/2026\/03\/Vintersboelle-baek-220x120.jpg\" class=\"attachment-thumbnail size-thumbnail wp-post-image\" alt=\"\" style=\"\" \/><\/a><\/div><a class=\"wp-block-latest-posts__post-title\" href=\"https:\/\/www.vinterhistorie.dk\/?p=3327\">Kulturaften mandag 27. april 2026 kl. 19:00 \u2013 21:00<\/a><div class=\"wp-block-latest-posts__post-excerpt\">M\u00f8d Vintersb\u00f8lleskoven via fotografens linse Vi f\u00e5r bes\u00f8g af repr\u00e6sentanter fra Vordingborg Fotoklub, hvor navnlig S\u00f8ren Andersen vil fort\u00e6lle om foreningen, samarbejdet og vise billeder is\u00e6r fra Vintersb\u00f8lleskoven. Hvad er det der har gjort fotografen [&hellip;]<\/div><\/li>\n<li><div class=\"wp-block-latest-posts__featured-image alignleft\"><a href=\"https:\/\/www.vinterhistorie.dk\/?p=3318\" aria-label=\"Generalforsamling mandag 23. marts 2026 kl. 19:00\"><img loading=\"lazy\" decoding=\"async\" width=\"220\" height=\"120\" src=\"https:\/\/www.vinterhistorie.dk\/wp-content\/uploads\/2022\/03\/IMG_01403-e1647032025162-220x120.jpg\" class=\"attachment-thumbnail size-thumbnail wp-post-image\" alt=\"\" style=\"\" \/><\/a><\/div><a class=\"wp-block-latest-posts__post-title\" href=\"https:\/\/www.vinterhistorie.dk\/?p=3318\">Generalforsamling mandag 23. marts 2026 kl. 19:00<\/a><div class=\"wp-block-latest-posts__post-excerpt\">Der afholdes ordin\u00e6r generalforsamling Mandag den 23. marts 2026, kl. 19.00 \u2013 21.00 i Kulsbjerg Skole, Nyr\u00e5d &#8211; samlingssalen. &nbsp; D A G S O R D E N 1. Valg af dirigent og stemmet\u00e6llere [&hellip;]<\/div><\/li>\n<li><div class=\"wp-block-latest-posts__featured-image alignleft\"><a href=\"https:\/\/www.vinterhistorie.dk\/?p=3312\" aria-label=\"Kulturaften mandag 23. februar 2026 kl. 19:00 \u2013 21:00\"><img loading=\"lazy\" decoding=\"async\" width=\"220\" height=\"120\" src=\"https:\/\/www.vinterhistorie.dk\/wp-content\/uploads\/2012\/06\/Sanatoriet-9-220x120.jpg\" class=\"attachment-thumbnail size-thumbnail wp-post-image\" alt=\"\" style=\"\" \/><\/a><\/div><a class=\"wp-block-latest-posts__post-title\" href=\"https:\/\/www.vinterhistorie.dk\/?p=3312\">Kulturaften mandag 23. februar 2026 kl. 19:00 \u2013 21:00<\/a><div class=\"wp-block-latest-posts__post-excerpt\">Kom og h\u00f8r historien om Vintersb\u00f8lle Strand B\u00f8rnesanatorium ved Vordingborg blev opf\u00f8rt af Nationalforeningen til Tuberkulosen Bek\u00e6mpelse og indviet af regentparret den 9. november i 1938 og har siden haft flere andre funktioner. Niels Christensen [&hellip;]<\/div><\/li>\n<li><div class=\"wp-block-latest-posts__featured-image alignleft\"><a href=\"https:\/\/www.vinterhistorie.dk\/?p=3298\" aria-label=\"Kulturaften mandag 26. januar 2026 kl. 19:00 &#8211; 21:00\"><img loading=\"lazy\" decoding=\"async\" width=\"220\" height=\"120\" src=\"https:\/\/www.vinterhistorie.dk\/wp-content\/uploads\/2025\/12\/Skaermbillede-2025-12-18-195237-220x120.png\" class=\"attachment-thumbnail size-thumbnail wp-post-image\" alt=\"\" style=\"\" \/><\/a><\/div><a class=\"wp-block-latest-posts__post-title\" href=\"https:\/\/www.vinterhistorie.dk\/?p=3298\">Kulturaften mandag 26. januar 2026 kl. 19:00 &#8211; 21:00<\/a><div class=\"wp-block-latest-posts__post-excerpt\">Phillippa Maigaard fort\u00e6ller Hvilke historier fort\u00e6ller vi om os selv og andre? Hele verden bejler til Gr\u00f8nland, men hvor st\u00e5r Danmark? Hvad sker der, n\u00e5r vi ser p\u00e5 verden med vidt forskellige \u00f8jne. Kan vi [&hellip;]<\/div><\/li>\n<li><div class=\"wp-block-latest-posts__featured-image alignleft\"><a href=\"https:\/\/www.vinterhistorie.dk\/?p=3287\" aria-label=\"Kulturaften mandag 29. september kl. 19:00-21:00\"><img loading=\"lazy\" decoding=\"async\" width=\"220\" height=\"120\" src=\"https:\/\/www.vinterhistorie.dk\/wp-content\/uploads\/2025\/09\/Hulemosegaarden-220x120.jpg\" class=\"attachment-thumbnail size-thumbnail wp-post-image\" alt=\"\" style=\"\" \/><\/a><\/div><a class=\"wp-block-latest-posts__post-title\" href=\"https:\/\/www.vinterhistorie.dk\/?p=3287\">Kulturaften mandag 29. september kl. 19:00-21:00<\/a><div class=\"wp-block-latest-posts__post-excerpt\">Inga Halldorsdottir fort\u00e6ller om Hulemoseg\u00e5rdens historie Hvis du har l\u00e6st fort\u00e6llingen om Hulemoseg\u00e5rden, kan du h\u00f8re r\u00f8verhistorierne, der ikke kom med i vores nye bog: Flere fort\u00e6llinger fra Vintersb\u00f8lle og Nyr\u00e5d, samt en del andre [&hellip;]<\/div><\/li>\n<li><a class=\"wp-block-latest-posts__post-title\" href=\"https:\/\/www.vinterhistorie.dk\/?p=3272\">Nyr\u00e5d sports- og kulturaften fredag 22. august 2025 kl. 17-21<\/a><div class=\"wp-block-latest-posts__post-excerpt\">Se program for Nyr\u00e5d sports- og kulturaften<\/div><\/li>\n<li><div class=\"wp-block-latest-posts__featured-image alignleft\"><a href=\"https:\/\/www.vinterhistorie.dk\/?p=3264\" aria-label=\"Byvandring til Gr\u00e6sbjerg mandag den 25. august 2025 kl. 18.00-20.00\"><img loading=\"lazy\" decoding=\"async\" width=\"220\" height=\"120\" src=\"https:\/\/www.vinterhistorie.dk\/wp-content\/uploads\/2025\/07\/Billede-fra-Graesbjergstien-002-220x120.jpg\" class=\"attachment-thumbnail size-thumbnail wp-post-image\" alt=\"\" style=\"\" \/><\/a><\/div><a class=\"wp-block-latest-posts__post-title\" href=\"https:\/\/www.vinterhistorie.dk\/?p=3264\">Byvandring til Gr\u00e6sbjerg mandag den 25. august 2025 kl. 18.00-20.00<\/a><div class=\"wp-block-latest-posts__post-excerpt\">Turen starter i centrum af Nyr\u00e5d p\u00e5 Nyr\u00e5d torv. Her starter fort\u00e6llingen om bygningerne, der omkranser stedet. Vi g\u00e5r over Nyr\u00e5d Skovstr\u00e6de og videre ad Hasselv\u00e6nget til Gr\u00e6sbjergstien, hvor vi ser n\u00e6rmere p\u00e5 de forskellige [&hellip;]<\/div><\/li>\n<li><div class=\"wp-block-latest-posts__featured-image alignleft\"><a href=\"https:\/\/www.vinterhistorie.dk\/?p=3247\" aria-label=\"Kulturaften mandag 26. maj 2025 kl. 19:00-21:00\"><img loading=\"lazy\" decoding=\"async\" width=\"220\" height=\"120\" src=\"https:\/\/www.vinterhistorie.dk\/wp-content\/uploads\/2022\/05\/IMG_01741-e1652265443460-220x120.jpg\" class=\"attachment-thumbnail size-thumbnail wp-post-image\" alt=\"\" style=\"\" \/><\/a><\/div><a class=\"wp-block-latest-posts__post-title\" href=\"https:\/\/www.vinterhistorie.dk\/?p=3247\">Kulturaften mandag 26. maj 2025 kl. 19:00-21:00<\/a><div class=\"wp-block-latest-posts__post-excerpt\">G\u00e5tur til Valdemars Plads S\u00e5 er skoven atter blevet gr\u00f8n og vi er n\u00e5et ind i maj m\u00e5ned. S\u00e6dvanen tro g\u00e5r vi den sidste mandag i m\u00e5neden samlet fra skolen til Valdemars Plads, hvorefter vi [&hellip;]<\/div><\/li>\n<li><div class=\"wp-block-latest-posts__featured-image alignleft\"><a href=\"https:\/\/www.vinterhistorie.dk\/?p=3240\" aria-label=\"Kulturaften mandag 28. april 2025 kl. 19:00-21:00\"><img loading=\"lazy\" decoding=\"async\" width=\"220\" height=\"120\" src=\"https:\/\/www.vinterhistorie.dk\/wp-content\/uploads\/2025\/04\/Lars-Hjort--e1743940508659-220x120.png\" class=\"attachment-thumbnail size-thumbnail wp-post-image\" alt=\"\" style=\"\" \/><\/a><\/div><a class=\"wp-block-latest-posts__post-title\" href=\"https:\/\/www.vinterhistorie.dk\/?p=3240\">Kulturaften mandag 28. april 2025 kl. 19:00-21:00<\/a><div class=\"wp-block-latest-posts__post-excerpt\">Lars Hjort Madsen er f\u00f8dt og opvokset i Nyr\u00e5d. Han er udl\u00e6rt murer og efterf\u00f8lgende bygningskonstrukt\u00f8r. Efter at have l\u00e6st til Cand.scient. techn. p\u00e5 Aalborg Universitet samt taget en HD i \u00d8konomistyring &amp; Performance Management [&hellip;]<\/div><\/li>\n<\/ul><\/div>\n\n\n\n<div class=\"wp-block-column is-layout-flow wp-block-column-is-layout-flow\">\n<figure class=\"wp-block-image size-large\"><img loading=\"lazy\" decoding=\"async\" width=\"1024\" height=\"766\" src=\"https:\/\/www.bevaerterhuset.dk\/wp-content\/uploads\/2012\/06\/huset-1024x766.jpg\" alt=\"\" class=\"wp-image-142\" srcset=\"https:\/\/www.vinterhistorie.dk\/wp-content\/uploads\/2012\/06\/huset-1024x766.jpg 1024w, https:\/\/www.vinterhistorie.dk\/wp-content\/uploads\/2012\/06\/huset-300x224.jpg 300w\" sizes=\"auto, (max-width: 1024px) 100vw, 1024px\" \/><\/figure>\n\n\n\n<h2 class=\"wp-block-heading\">Om foreningen<\/h2>\n\n\n\n<p><em>Lokalhistorisk Forening for Vintersb\u00f8lle\/Nyr\u00e5d<\/em> har til form\u00e5l at udbrede kendskabet til Vintersb\u00f8lle og Nyr\u00e5ds historie, at bevare v\u00e6verhuset\/bev\u00e6rterhuset i Vintersb\u00f8lle Skov samt at g\u00f8re det tilg\u00e6ngeligt for grupper med interesse i egnens historie og natur.<\/p>\n\n\n\n<p>Alle interesserede kan blive medlemmer af foreningen, der udover at holde <strong>s\u00f8ndags\u00e5bent i Bev\u00e6rterhuset<\/strong> afholder kulturaftner den<strong> sidste mandag i m\u00e5neden<\/strong> i samlingssalen p\u00e5 Vintersb\u00f8lle Skole, eller som den hedder fra 1. august 2012: Kulsbjerg Skole &#8211; Nyr\u00e5d.<\/p>\n\n\n\n<p class=\"has-text-align-right\"><a href=\"http:\/\/www.vinterhistorie.dk\/?page_id=30\">L\u00e6s mere om foreningen..<\/a><\/p>\n\n\n\n<p><a href=\"http:\/\/www.bevaerterhuset.dk\/\">Bev\u00e6rterhuset&nbsp; <\/a>er \u00e5bent for n\u00f8glebrugere hele \u00e5ret.<\/p>\n\n\n\n<figure class=\"wp-block-gallery has-nested-images columns-2 is-cropped wp-block-gallery-1 is-layout-flex wp-block-gallery-is-layout-flex\">\n<figure data-wp-context=\"{&quot;imageId&quot;:&quot;69f5e406645ce&quot;}\" data-wp-interactive=\"core\/image\" class=\"wp-block-image size-medium wp-lightbox-container\"><img loading=\"lazy\" decoding=\"async\" width=\"300\" height=\"199\" data-wp-class--hide=\"state.isContentHidden\" data-wp-class--show=\"state.isContentVisible\" data-wp-init=\"callbacks.setButtonStyles\" data-wp-on-async--click=\"actions.showLightbox\" data-wp-on-async--load=\"callbacks.setButtonStyles\" data-wp-on-async-window--resize=\"callbacks.setButtonStyles\" data-id=\"147\" src=\"https:\/\/www.bevaerterhuset.dk\/wp-content\/uploads\/2012\/06\/ValdemarsPlads-300x199.jpg\" alt=\"\" class=\"wp-image-147\" srcset=\"https:\/\/www.vinterhistorie.dk\/wp-content\/uploads\/2012\/06\/ValdemarsPlads-300x199.jpg 300w, https:\/\/www.vinterhistorie.dk\/wp-content\/uploads\/2012\/06\/ValdemarsPlads.jpg 800w\" sizes=\"auto, (max-width: 300px) 100vw, 300px\" \/><button\n\t\t\tclass=\"lightbox-trigger\"\n\t\t\ttype=\"button\"\n\t\t\taria-haspopup=\"dialog\"\n\t\t\taria-label=\"Forst\u00f8r\"\n\t\t\tdata-wp-init=\"callbacks.initTriggerButton\"\n\t\t\tdata-wp-on-async--click=\"actions.showLightbox\"\n\t\t\tdata-wp-style--right=\"state.imageButtonRight\"\n\t\t\tdata-wp-style--top=\"state.imageButtonTop\"\n\t\t>\n\t\t\t<svg xmlns=\"http:\/\/www.w3.org\/2000\/svg\" width=\"12\" height=\"12\" fill=\"none\" viewBox=\"0 0 12 12\">\n\t\t\t\t<path fill=\"#fff\" d=\"M2 0a2 2 0 0 0-2 2v2h1.5V2a.5.5 0 0 1 .5-.5h2V0H2Zm2 10.5H2a.5.5 0 0 1-.5-.5V8H0v2a2 2 0 0 0 2 2h2v-1.5ZM8 12v-1.5h2a.5.5 0 0 0 .5-.5V8H12v2a2 2 0 0 1-2 2H8Zm2-12a2 2 0 0 1 2 2v2h-1.5V2a.5.5 0 0 0-.5-.5H8V0h2Z\" \/>\n\t\t\t<\/svg>\n\t\t<\/button><\/figure>\n\n\n\n<figure data-wp-context=\"{&quot;imageId&quot;:&quot;69f5e406648b1&quot;}\" data-wp-interactive=\"core\/image\" class=\"wp-block-image size-medium wp-lightbox-container\"><img loading=\"lazy\" decoding=\"async\" width=\"300\" height=\"225\" data-wp-class--hide=\"state.isContentHidden\" data-wp-class--show=\"state.isContentVisible\" data-wp-init=\"callbacks.setButtonStyles\" data-wp-on-async--click=\"actions.showLightbox\" data-wp-on-async--load=\"callbacks.setButtonStyles\" data-wp-on-async-window--resize=\"callbacks.setButtonStyles\" data-id=\"146\" src=\"https:\/\/www.bevaerterhuset.dk\/wp-content\/uploads\/2012\/06\/TV2east-300x225.jpg\" alt=\"\" class=\"wp-image-146\" srcset=\"https:\/\/www.vinterhistorie.dk\/wp-content\/uploads\/2012\/06\/TV2east-300x225.jpg 300w, https:\/\/www.vinterhistorie.dk\/wp-content\/uploads\/2012\/06\/TV2east-1024x768.jpg 1024w\" sizes=\"auto, (max-width: 300px) 100vw, 300px\" \/><button\n\t\t\tclass=\"lightbox-trigger\"\n\t\t\ttype=\"button\"\n\t\t\taria-haspopup=\"dialog\"\n\t\t\taria-label=\"Forst\u00f8r\"\n\t\t\tdata-wp-init=\"callbacks.initTriggerButton\"\n\t\t\tdata-wp-on-async--click=\"actions.showLightbox\"\n\t\t\tdata-wp-style--right=\"state.imageButtonRight\"\n\t\t\tdata-wp-style--top=\"state.imageButtonTop\"\n\t\t>\n\t\t\t<svg xmlns=\"http:\/\/www.w3.org\/2000\/svg\" width=\"12\" height=\"12\" fill=\"none\" viewBox=\"0 0 12 12\">\n\t\t\t\t<path fill=\"#fff\" d=\"M2 0a2 2 0 0 0-2 2v2h1.5V2a.5.5 0 0 1 .5-.5h2V0H2Zm2 10.5H2a.5.5 0 0 1-.5-.5V8H0v2a2 2 0 0 0 2 2h2v-1.5ZM8 12v-1.5h2a.5.5 0 0 0 .5-.5V8H12v2a2 2 0 0 1-2 2H8Zm2-12a2 2 0 0 1 2 2v2h-1.5V2a.5.5 0 0 0-.5-.5H8V0h2Z\" \/>\n\t\t\t<\/svg>\n\t\t<\/button><\/figure>\n\n\n\n<figure data-wp-context=\"{&quot;imageId&quot;:&quot;69f5e40664b07&quot;}\" data-wp-interactive=\"core\/image\" class=\"wp-block-image size-medium wp-lightbox-container\"><img loading=\"lazy\" decoding=\"async\" width=\"300\" height=\"199\" data-wp-class--hide=\"state.isContentHidden\" data-wp-class--show=\"state.isContentVisible\" data-wp-init=\"callbacks.setButtonStyles\" data-wp-on-async--click=\"actions.showLightbox\" data-wp-on-async--load=\"callbacks.setButtonStyles\" data-wp-on-async-window--resize=\"callbacks.setButtonStyles\" data-id=\"158\" src=\"https:\/\/www.bevaerterhuset.dk\/wp-content\/uploads\/2012\/06\/bhuset-vinter-300x199.jpg\" alt=\"\" class=\"wp-image-158\" srcset=\"https:\/\/www.vinterhistorie.dk\/wp-content\/uploads\/2012\/06\/bhuset-vinter-300x199.jpg 300w, https:\/\/www.vinterhistorie.dk\/wp-content\/uploads\/2012\/06\/bhuset-vinter-1024x680.jpg 1024w\" sizes=\"auto, (max-width: 300px) 100vw, 300px\" \/><button\n\t\t\tclass=\"lightbox-trigger\"\n\t\t\ttype=\"button\"\n\t\t\taria-haspopup=\"dialog\"\n\t\t\taria-label=\"Forst\u00f8r\"\n\t\t\tdata-wp-init=\"callbacks.initTriggerButton\"\n\t\t\tdata-wp-on-async--click=\"actions.showLightbox\"\n\t\t\tdata-wp-style--right=\"state.imageButtonRight\"\n\t\t\tdata-wp-style--top=\"state.imageButtonTop\"\n\t\t>\n\t\t\t<svg xmlns=\"http:\/\/www.w3.org\/2000\/svg\" width=\"12\" height=\"12\" fill=\"none\" viewBox=\"0 0 12 12\">\n\t\t\t\t<path fill=\"#fff\" d=\"M2 0a2 2 0 0 0-2 2v2h1.5V2a.5.5 0 0 1 .5-.5h2V0H2Zm2 10.5H2a.5.5 0 0 1-.5-.5V8H0v2a2 2 0 0 0 2 2h2v-1.5ZM8 12v-1.5h2a.5.5 0 0 0 .5-.5V8H12v2a2 2 0 0 1-2 2H8Zm2-12a2 2 0 0 1 2 2v2h-1.5V2a.5.5 0 0 0-.5-.5H8V0h2Z\" \/>\n\t\t\t<\/svg>\n\t\t<\/button><\/figure>\n\n\n\n<figure data-wp-context=\"{&quot;imageId&quot;:&quot;69f5e40664d49&quot;}\" data-wp-interactive=\"core\/image\" class=\"wp-block-image size-medium wp-lightbox-container\"><img loading=\"lazy\" decoding=\"async\" width=\"300\" height=\"200\" data-wp-class--hide=\"state.isContentHidden\" data-wp-class--show=\"state.isContentVisible\" data-wp-init=\"callbacks.setButtonStyles\" data-wp-on-async--click=\"actions.showLightbox\" data-wp-on-async--load=\"callbacks.setButtonStyles\" data-wp-on-async-window--resize=\"callbacks.setButtonStyles\" data-id=\"141\" src=\"https:\/\/www.bevaerterhuset.dk\/wp-content\/uploads\/2012\/06\/blegen2-300x200.jpg\" alt=\"\" class=\"wp-image-141\" srcset=\"https:\/\/www.vinterhistorie.dk\/wp-content\/uploads\/2012\/06\/blegen2-300x200.jpg 300w, https:\/\/www.vinterhistorie.dk\/wp-content\/uploads\/2012\/06\/blegen2-1024x682.jpg 1024w, https:\/\/www.vinterhistorie.dk\/wp-content\/uploads\/2012\/06\/blegen2.jpg 1536w\" sizes=\"auto, (max-width: 300px) 100vw, 300px\" \/><button\n\t\t\tclass=\"lightbox-trigger\"\n\t\t\ttype=\"button\"\n\t\t\taria-haspopup=\"dialog\"\n\t\t\taria-label=\"Forst\u00f8r\"\n\t\t\tdata-wp-init=\"callbacks.initTriggerButton\"\n\t\t\tdata-wp-on-async--click=\"actions.showLightbox\"\n\t\t\tdata-wp-style--right=\"state.imageButtonRight\"\n\t\t\tdata-wp-style--top=\"state.imageButtonTop\"\n\t\t>\n\t\t\t<svg xmlns=\"http:\/\/www.w3.org\/2000\/svg\" width=\"12\" height=\"12\" fill=\"none\" viewBox=\"0 0 12 12\">\n\t\t\t\t<path fill=\"#fff\" d=\"M2 0a2 2 0 0 0-2 2v2h1.5V2a.5.5 0 0 1 .5-.5h2V0H2Zm2 10.5H2a.5.5 0 0 1-.5-.5V8H0v2a2 2 0 0 0 2 2h2v-1.5ZM8 12v-1.5h2a.5.5 0 0 0 .5-.5V8H12v2a2 2 0 0 1-2 2H8Zm2-12a2 2 0 0 1 2 2v2h-1.5V2a.5.5 0 0 0-.5-.5H8V0h2Z\" \/>\n\t\t\t<\/svg>\n\t\t<\/button><\/figure>\n<\/figure>\n<\/div>\n<\/div>\n","protected":false},"excerpt":{"rendered":"<p>Om foreningen Lokalhistorisk Forening for Vintersb\u00f8lle\/Nyr\u00e5d har til form\u00e5l at udbrede kendskabet til Vintersb\u00f8lle og Nyr\u00e5ds historie, at bevare v\u00e6verhuset\/bev\u00e6rterhuset i Vintersb\u00f8lle Skov samt at g\u00f8re det tilg\u00e6ngeligt for grupper med interesse i egnens historie [&hellip;]<\/p>\n","protected":false},"author":1,"featured_media":0,"parent":0,"menu_order":0,"comment_status":"closed","ping_status":"closed","template":"","meta":{"footnotes":""},"class_list":["post-3292","page","type-page","status-publish","hentry"],"_links":{"self":[{"href":"https:\/\/www.vinterhistorie.dk\/index.php?rest_route=\/wp\/v2\/pages\/3292","targetHints":{"allow":["GET"]}}],"collection":[{"href":"https:\/\/www.vinterhistorie.dk\/index.php?rest_route=\/wp\/v2\/pages"}],"about":[{"href":"https:\/\/www.vinterhistorie.dk\/index.php?rest_route=\/wp\/v2\/types\/page"}],"author":[{"embeddable":true,"href":"https:\/\/www.vinterhistorie.dk\/index.php?rest_route=\/wp\/v2\/users\/1"}],"replies":[{"embeddable":true,"href":"https:\/\/www.vinterhistorie.dk\/index.php?rest_route=%2Fwp%2Fv2%2Fcomments&post=3292"}],"version-history":[{"count":4,"href":"https:\/\/www.vinterhistorie.dk\/index.php?rest_route=\/wp\/v2\/pages\/3292\/revisions"}],"predecessor-version":[{"id":3296,"href":"https:\/\/www.vinterhistorie.dk\/index.php?rest_route=\/wp\/v2\/pages\/3292\/revisions\/3296"}],"wp:attachment":[{"href":"https:\/\/www.vinterhistorie.dk\/index.php?rest_route=%2Fwp%2Fv2%2Fmedia&parent=3292"}],"curies":[{"name":"wp","href":"https:\/\/api.w.org\/{rel}","templated":true}]}}